er when 89 is divided by 15.
14
Calculate the remainder when 10 is divided by 7.
3
What is the remainder when 1593 is divided by 3?
0
Calculate the remainder when 137 is divided by 28.
25
What is the remainder when 3875 is divided by 390?
365
Calculate the remainder when 6283 is divided by 8.
3
Calculate the remainder when 4 is divided by 4.
0
What is the remainder when 685 is divided by 77?
69
Calculate the remainder when 344 is divided by 109.
17
Calculate the remainder when 53 is divided by 25.
3
What is the remainder when 142 is divided by 19?
9
What is the remainder when 263 is divided by 20?
3
Calculate the remainder when 388 is divided by 15.
13
What is the remainder when 1688 is divided by 94?
90
What is the remainder when 10815 is divided by 13?
12
Calculate the remainder when 281 is divided by 17.
9
Calculate the remainder when 61 is divided by 8.
5
Calculate the remainder when 220 is divided by 56.
52
Calculate the remainder when 70 is divided by 4.
2
Calculate the remainder when 443 is divided by 111.
110
What is the remainder when 103 is divided by 18?
13
What is the remainder when 365 is divided by 10?
5
What is the remainder when 777 is divided by 71?
67
What is the remainder when 272 is divided by 76?
44
What is the remainder when 43 is divided by 23?
20
What is the remainder when 217 is divided by 115?
102
Calculate the remainder when 178 is divided by 7.
3
What is the remainder when 501 is divided by 123?
9
What is the remainder when 271 is divided by 149?
122
What is the remainder when 4497 is divided by 30?
27
What is the remainder when 611 is divided by 36?
35
What is the remainder when 58 is divided by 14?
2
Calculate the remainder when 296 is divided by 43.
38
Calculate the remainder when 61 is divided by 54.
7
What is the remainder when 129 is divided by 24?
9
What is the remainder when 119 is divided by 56?
7
What is the remainder when 82 is divided by 21?
19
Calculate the remainder when 2554 is divided by 23.
1
Calculate the remainder when 14 is divided by 5.
4
Calculate the remainder when 614 is divided by 126.
110
Calculate the remainder when 1978 is divided by 476.
74
Calculate the remainder when 328 is divided by 66.
64
Calculate the remainder when 1792 is divided by 597.
1
What is the remainder when 281 is divided by 56?
1
What is the remainder when 50 is divided by 33?
17
What is the remainder when 110 is divided by 43?
24
Calculate the remainder when 120 is divided by 31.
27
Calculate the remainder when 492 is divided by 144.
60
Calculate the remainder when 558 is divided by 10.
8
What is the remainder when 1424 is divided by 58?
32
What is the remainder when 856 is divided by 96?
88
Calculate the remainder when 287 is divided by 6.
5
What is the remainder when 65 is divided by 40?
25
Calculate the remainder when 99 is divided by 10.
9
What is the remainder when 1412 is divided by 463?
23
Calculate the remainder when 216 is divided by 76.
64
What is the remainder when 900 is divided by 27?
9
What is the remainder when 13 is divided by 3?
1
Calculate the remainder when 405 is divided by 35.
20
What is the remainder when 218 is divided by 4?
2
Calculate the remainder when 601 is divided by 78.
55
What is the remainder when 1173 is divided by 584?
5
What is the remainder when 560 is divided by 30?
20
What is the remainder when 226 is divided by 75?
1
Calculate the remainder when 12192 is divided by 182.
180
What is the remainder when 96 is divided by 25?
21
What is the remainder when 404 is divided by 29?
27
What is the remainder when 498 is divided by 162?
12
What is the remainder when 35 is divided by 20?
15
Calculate the remainder when 1270 is divided by 177.
31
Calculate the remainder when 1494 is divided by 19.
12
What is the remainder when 1733 is divided by 56?
53
Calculate the remainder when 552 is divided by 68.
8
Calculate the remainder when 1770 is divided by 70.
20
What is the remainder when 181 is divided by 174?
7
What is the remainder when 762 is divided by 253?
3
What is the remainder when 16 is divided by 6?
4
Calculate the remainder when 111 is divided by 30.
21
What is the remainder when 124 is divided by 36?
16
What is the remainder when 471 is divided by 28?
23
Calculate the remainder when 109 is divided by 68.
41
Calculate the remainder when 514 is divided by 52.
46
What is the remainder when 401 is divided by 35?
16
What is the remainder when 426 is divided by 43?
39
Calculate the remainder when 1051 is divided by 9.
7
What is the remainder when 522 is divided by 74?
4
What is the remainder when 3242 is divided by 69?
68
Calculate the remainder when 575 is divided by 33.
14
Calculate the remainder when 423 is divided by 186.
51
Calculate the remainder when 30 is divided by 8.
6
What is the remainder when 227 is divided by 194?
33
Calculate the remainder when 359 is divided by 12.
11
Calculate the remainder when 315 is divided by 80.
75
Calculate the remainder when 306 is divided by 22.
20
What is the remainder when 2029 is divided by 291?
283
What is the remainder when 8077 is divided by 40?
37
What is the remainder when 5254 is divided by 20?
14
Calculate the remainder when 325 is divided by 26.
13
Calculate the remainder when 1739 is divided by 60.
59
What is the remainder when 191 is divided by 25?
16
What is the remainder when 14577 is divided by 60?
57
Calculate the remainder when 1651 is divided by 532.
55
What is the remainder when 1327 is divided by 211?
61
What is the remainder when 1342 is divided by 42?
40
What is the remainder when 1684 is divided by 54?
10
Calculate the remainder when 9147 is divided by 7.
5
Calculate the remainder when 123 is divided by 41.
0
Calculate the remainder when 139 is divided by 98.
41
Calculate the remainder when 4921 is divided by 35.
21
Calculate the remainder when 3048 is divided by 307.
285
What is the remainder when 23 is divided by 13?
10
Calculate the remainder when 583 is divided by 570.
13
Calculate the remainder when 630 is divided by 76.
22
Calculate the remainder when 11 is divided by 6.
5
Calculate the remainder when 166 is divided by 23.
5
What is the remainder when 118 is divided by 11?
8
What is the remainder when 1042 is divided by 12?
10
Calculate the remainder when 497 is divided by 20.
17
What is the remainder when 343 is divided by 63?
28
Calculate the remainder when 1576 is divided by 2.
0
Calculate the remainder when 2383 is divided by 589.
27
Calculate the remainder when 268 is divided by 6.
4
What is the remainder when 3598 is divided by 13?
10
What is the remainder when 383 is divided by 126?
5
Calculate the remainder when 523 is divided by 48.
43
Calculate the remainder when 3867 is divided by 50.
17
Calculate the remainder when 1231 is divided by 1208.
23
What is the remainder when 633 is divided by 53?
50
Calculate the remainder when 464 is divided by 31.
30
Calculate the remainder when 710 is divided by 101.
3
Calculate the remainder when 1783 is divided by 234.
145
What is the remainder when 929 is divided by 19?
17
What is the remainder when 411 is divided by 52?
47
What is the remainder when 117 is divided by 95?
22
What is the remainder when 698 is divided by 7?
5
What is the remainder when 6335 is divided by 15?
5
Calculate the remainder when 76 is divided by 28.
20
Calculate the remainder when 5971 is divided by 103.
100
What is the remainder when 6558 is divided by 164?
162
Calculate the remainder when 58 is divided by 29.
0
Calculate the remainder when 288 is divided by 21.
15
Calculate the remainder when 12416 is divided by 497.
488
What is the remainder when 3211 is divided by 22?
21
Calculate the remainder when 9839 is divided by 8.
7
Calculate the remainder when 426 is divided by 112.
90
Calculate the remainder when 1328 is divided by 15.
8
What is the remainder when 1645 is divided by 50?
45
What is the remainder when 2846 is divided by 7?
4
What is the remainder when 186 is divided by 130?
56
What is the remainder when 138 is divided by 32?
10
Calculate the remainder when 2290 is divided by 82.
76
What is the remainder when 8617 is divided by 10?
7
What is the remainder when 293 is divided by 15?
8
Calculate the remainder when 3252 is divided by 245.
67
What is the remainder when 30 is divided by 20?
1